e prime factors of 137684228.
2, 11, 29, 107903
List the prime factors of 6388974336.
2, 3, 8318977
What are the prime factors of 1099797962?
2, 593, 927317
What are the prime factors of 335497835?
5, 5927, 11321
List the prime factors of 205075439.
205075439
What are the prime factors of 1753870814?
2, 181, 4844947
List the prime factors of 1373310.
2, 3, 5, 15259
List the prime factors of 3204964967.
17, 43, 4384357
List the prime factors of 8029620916.
2, 2007405229
What are the prime factors of 13404129?
3, 4468043
List the prime factors of 4529962939.
4529962939
What are the prime factors of 8415766501?
19, 442935079
What are the prime factors of 174371344?
2, 7, 1009, 1543
What are the prime factors of 3223991?
3223991
What are the prime factors of 940461659?
940461659
List the prime factors of 957307686.
2, 3, 59, 151, 17909
List the prime factors of 249419300.
2, 5, 13, 191861
List the prime factors of 849589344.
2, 3, 307, 3203
List the prime factors of 127677502.
2, 2111, 30241
What are the prime factors of 1465272203?
97, 739, 20441
What are the prime factors of 3037355408?
2, 2203, 86171
List the prime factors of 721692211.
17, 42452483
What are the prime factors of 794220906?
2, 3, 132370151
What are the prime factors of 12911571?
3, 139, 10321
List the prime factors of 10360401.
3, 89, 38803
What are the prime factors of 2033975068?
2, 41, 12402287
List the prime factors of 66704324.
2, 23, 499, 1453
What are the prime factors of 342152298?
2, 3, 41, 157, 2953
What are the prime factors of 57235697?
6569, 8713
What are the prime factors of 5922136053?
3, 97, 6783661
List the prime factors of 85918564.
2, 157, 136813
What are the prime factors of 7411859?
7, 13, 79, 1031
What are the prime factors of 67938312?
2, 3, 13, 41, 47, 113
List the prime factors of 67285088.
2, 13, 161743
List the prime factors of 295684616.
2, 36960577
What are the prime factors of 977471935?
5, 11, 3023, 5879
What are the prime factors of 53483751?
3, 17, 349567
What are the prime factors of 2079011845?
5, 415802369
What are the prime factors of 2376902907?
3, 19, 113, 131, 313
List the prime factors of 2196467559.
3, 11, 13, 1706657
List the prime factors of 2175985058.
2, 13, 23, 3638771
What are the prime factors of 35028095?
5, 7005619
List the prime factors of 248610088.
2, 2053, 15137
What are the prime factors of 10538510?
2, 5, 83, 12697
What are the prime factors of 214066633?
11, 71, 274093
What are the prime factors of 460292279?
107, 113, 38069
List the prime factors of 1998169484.
2, 29, 17225599
List the prime factors of 443398474.
2, 221699237
List the prime factors of 137636296.
2, 7, 50159
What are the prime factors of 250588716?
2, 3, 7, 37, 80627
What are the prime factors of 34999923?
3, 7, 17, 73, 79
What are the prime factors of 18368284?
2, 11, 37951
List the prime factors of 38162265.
3, 5, 131, 19421
List the prime factors of 3376323944.
2, 7, 389, 154991
List the prime factors of 575029792.
2, 17969681
What are the prime factors of 25450488?
2, 3, 7, 50497
What are the prime factors of 118876770?
2, 3, 5, 499, 2647
What are the prime factors of 80913563?
23, 53, 66377
List the prime factors of 26824629.
3, 13, 797, 863
What are the prime factors of 291769655?
5, 47, 1241573
List the prime factors of 2244147347.
13, 37, 823, 5669
List the prime factors of 3074009.
3074009
List the prime factors of 6745761.
3, 11, 67, 113
List the prime factors of 2575879.
2575879
What are the prime factors of 50501271?
3, 17, 257, 3853
What are the prime factors of 3060187?
13, 17, 61, 227
List the prime factors of 2315021758.
2, 7, 23622671
List the prime factors of 1011431222.
2, 97, 5213563
What are the prime factors of 5490860694?
2, 3, 11, 7563169
What are the prime factors of 997529854?
2, 53, 9410659
What are the prime factors of 332781314?
2, 19, 2221, 3943
List the prime factors of 165631076.
2, 13, 331, 9623
What are the prime factors of 122091475?
5, 11, 23, 97, 199
What are the prime factors of 760070423?
7, 41, 733, 3613
What are the prime factors of 144246939?
3, 251, 191563
List the prime factors of 2465783332.
2, 103, 5984911
What are the prime factors of 80612958?
2, 3, 31, 347, 1249
List the prime factors of 24003388.
2, 17, 352991
List the prime factors of 335902332.
2, 3, 271, 103291
List the prime factors of 12300404.
2, 1117, 2753
What are the prime factors of 682358037?
3, 5741, 39619
What are the prime factors of 239674190?
2, 5, 7, 317, 1543
What are the prime factors of 817296874?
2, 408648437
List the prime factors of 2637403204.
2, 71, 9286631
List the prime factors of 101382301.
101382301
List the prime factors of 112741598.
2, 1523, 37013
What are the prime factors of 1089003346?
2, 544501673
List the prime factors of 924473738.
2, 47, 9834827
What are the prime factors of 249669556?
2, 311, 200699
List the prime factors of 94618062.
2, 3, 7, 11, 19, 3593
List the prime factors of 11036481.
3, 23, 59, 2711
What are the prime factors of 3573432155?
5, 31, 61, 139, 2719
List the prime factors of 631904899.
31, 71, 287099
List the prime factors of 8469517037.
31, 273210227
What are the prime factors of 32876359?
47, 443, 1579
List the prime factors of 108380021.
79, 1371899
What are the prime factors of 18889297?
7, 2698471
List the prime factors of 171782360.
2, 5, 4294559
List the prime factors of 35308432.
2, 59, 113, 331
What are the prime factors of 45560806?
2, 1277, 17839
List the prime factors of 796524737.
719, 1107823
List the prime factors of 4033651372.
2, 1008412843
What are the prime factors of 4950477?
3, 7, 8731
List the prime factors of 108698096.
2, 13, 61, 659
List the prime factors of 150436194.
2, 3, 59, 424961
What are the prime factors of 2915765778?
2, 3, 17, 28585939
List the prime factors of 30354921.
3, 31, 108799
List the prime factors of 2282730125.
5, 13, 233, 6029
What are the prime factors of 2837379768?
2, 3, 43, 73, 37663
List the prime factors of 3385332124.
2, 19997, 42323
What are the prime factors of 3638845060?
2, 5, 59, 3083767
List the prime factors of 3699208031.
3699208031
What are the prime factors of 177686331?
3, 59228777
What are the prime factors of 1714359?
3, 571453
List the prime factors of 140800716.
2, 3, 7, 19, 4201
What are the prime factors of 179360054?
2, 269, 333383
List the prime factors of 29674468.
2, 2377, 3121
List the prime factors of 36408100.
2, 5, 43, 8467
What are the prime factors of 284984245?
5, 7, 13, 89477
List the prime factors of 98132116.
2, 24533029
What are the prime factors of 7574416851?
3, 151, 16720567
List the prime factors of 149716647.
3, 29, 107, 1787
List the prime factors of 152221819.
127, 139, 8623
What are the prime factors of 22609657?
7, 3229951
What are the prime factors of 322123469?
322123469
What are the prime factors of 2082039?
3, 19, 36527
List the prime factors of 717615974.
2, 358807987
List the prime factors of 28467310.
2, 5, 2846731
List the prime factors of 2286510154.
2, 241, 4743797
What are the prime factors of 196854641?
107, 1839763
List the prime factors of 333107925.
3, 5, 4441439
List the prime factors of 1245395788.
2, 7, 13, 3421417
What are the prime factors of 39334025?
5, 23, 67, 1021
What are the prime factors of 1117905026?
2, 7, 79850359
List the prime factors of 2774877701.
601, 4617101
What are the prime factors of 1026584525?
5, 17, 743, 3251
What are the prime factors of 11638414?
2, 23, 503
List the prime factors of 273474514.
2, 136737257
List the prime factors of 671121537.
3, 223707179
What are the prime factors of 62045061?
3, 13, 193, 8243
List the prime factors of 19613838.
2, 3, 199, 16427
What are the prime factors of 2305500987?
3, 768500329
What are the prime factors of 131418063?
3, 7, 47, 44383
What are the prime factors of 263484526?
2, 599, 219937
What are the prime factors of 2090343863?
59, 35429557
What are the prime factors of 823554701?
257, 3204493
What are the prime factors of 37707649?
7, 17, 23, 599
List the prime factors of 170231245.
5, 4987, 6827
What are the prime factors of 566647975?
5, 22665919
List the prime factors of 178255432.
2, 229, 97301
List the prime factors of 22810968.
2, 3, 316819
What are the prime factors of 718443806?
2, 151, 2378953
List the p